mon divisor of 312 and y?
39
Let u(d) = -d**2 + 17*d + 16. Let g = -67 - -76. Let y be u(g). What is the greatest common factor of 11 and y?
11
Suppose 0*k = -2*k + 162. Let z(f) = 2*f**2 + 3*f - 5. Let u be (3 - 0) + 0 + -1. Let y be z(u). Calculate the greatest common factor of y and k.
9
Suppose v - 419 = -3*m, 4*v = 2*m - m - 118. Let k = -36 + m. Suppose -r - 49 = -3*c, -5*c + 3*r + 28 = -3*c. Calculate the highest common divisor of k and c.
17
Let o(i) = -i**2 + 11*i - 12. Let d = 8 + 2. Let f be o(d). Let z be ((-4)/f)/(2/7). What is the highest common factor of z and 1?
1
Let k(v) = 2*v**2 + 22*v - 30. Let a be k(10). What is the highest common factor of 300 and a?
30
Let r be (-6 + -20)*6/(-13). What is the highest common factor of r and 528?
12
Let t(x) = 2*x + 1. Let q be t(-5). Let l(d) = -d**3 - 12*d**2 - 27*d + 4. Let m be l(q). Calculate the highest common divisor of 44 and m.
4
Let p(q) = 21*q + 20. Let t(c) = -11*c - 10. Let a(w) = 3*p(w) + 7*t(w). Let k be a(-1). What is the greatest common factor of k and 16?
4
Let y(m) = 2*m**2 - 4*m + 1. Let w be y(-5). What is the highest common factor of w and 1?
1
Let f(u) = 37*u + 16. Let g be f(2). Suppose -g = -9*t - 9. Calculate the highest common factor of t and 36.
9
Suppose -458 = -2*c - 2*r + 3484, -5*r = -4*c + 7929. Calculate the highest common factor of 104 and c.
104
Suppose 3*c = -0*c + 15. Suppose c*k + 2*d = 552, -3*k - k + 441 = d. Calculate the highest common divisor of 10 and k.
10
Suppose b = 2*u - 18, 3*u - 3 = 2*u. Let k be (3 - -2) + b/(-3). Calculate the greatest common factor of 63 and k.
9
Let l be (-2978)/(-42) + (-28)/(-294). Suppose -6*g + 2*b + 104 = -3*g, 2*g - 3*b - l = 0. Calculate the greatest common factor of 272 and g.
34
Suppose 7*a + 5440 = 12*a. Calculate the greatest common divisor of 34 and a.
34
Let c = 278 - 92. What is the highest common factor of c and 6?
6
Let f be 6/3 + 1/((-5)/(-1205)). Calculate the highest common factor of f and 216.
27
Let s be (45/10 + -6)*52/(-6). Let x = -3 + 7. Suppose x*r = 335 - 75. Calculate the greatest common divisor of s and r.
13
Suppose 3*f - 6 = 0, 0 = 3*h - 16*f + 13*f - 90. Calculate the greatest common factor of h and 6.
2
Suppose -4*f - 4716 = -4*o, 8 - 2 = -2*f. What is the highest common factor of 56 and o?
56
Let d be ((-2)/5)/(15/(-150)). Let f be d/((-16)/(-122))*2. Suppose -2*s + f + 77 = 0. Calculate the highest common divisor of 46 and s.
23
Let c = -1558 - -1610. Calculate the greatest common factor of c and 36.
4
Suppose 7*g - 65 = 96. Let v = g + -19. Suppose c + v*k - 47 = 77, -2*c = k - 276. Calculate the highest common factor of c and 14.
14
Let x(r) = -r**3 + 12*r**2 + 12*r + 16. Let z be x(13). Suppose 3*m - 2*w = -w + 237, z*m + 4*w = 222. Calculate the highest common factor of m and 26.
26
Suppose 0 = -11*k - 31*k + 12096. What is the highest common divisor of k and 108?
36
Suppose -6*d - 20 = -d. Let t be d/(-10) - 544/(-40). What is the highest common factor of t and 14?
14
Let h = 359 + 320. Suppose 4*n = -4*v + 884, -n - h = -4*v + 200. Calculate the greatest common factor of 20 and v.
20
Let h = 216 + -186. What is the highest common divisor of 50 and h?
10
Let h = -855 + 932. Suppose 0 = 3*o - 3 - 6. Suppose -o*f + f + 14 = 0. Calculate the highest common divisor of f and h.
7
Let c = 307 - 226. What is the greatest common factor of c and 810?
81
Suppose p + 1025 = -23*k + 25*k, 0 = k + 2*p - 500. Calculate the greatest common divisor of k and 150.
30
Let p(n) = -n**3 - 3*n**2 - 4. Let v be p(-2). Let h = 6 - v. What is the greatest common divisor of 56 and h?
14
Let a = 2 + -8. Let c = a + 20. Let w be ((-112)/(-6))/((-7)/(-21)). What is the highest common factor of c and w?
14
Suppose -18*z + 257 = -2641. What is the highest common factor of 69 and z?
23
Let w(a) = a**2 + 20*a - 1. Let s be w(-23). Let u be -34*-1*(-3)/(-6). What is the greatest common factor of s and u?
17
Let x(f) = 3*f**3 - 2*f + 1. Let g(i) = -9*i**3 + 7*i - 4. Let z(t) = -2*g(t) - 7*x(t). Let c be z(-1). Calculate the greatest common divisor of c and 28.
4
Let i = -9 + 11. Suppose -5*d + 53 = 2*u, 0*u + 18 = i*d + 4*u. Let w = 27 - d. What is the highest common divisor of 128 and w?
16
Let j be (-5 + 0 + 25)*(-1)/(-2). Let f(a) = -a - 4. Let b be f(-6). Suppose 2*n = b + 8. What is the highest common divisor of j and n?
5
Let t be -2 - (3 - 4)/(-1). Let s be 3 - t/((-6)/(-184)). Let d(j) = 3*j**2 - 2*j - 2. Let l be d(4). What is the greatest common divisor of l and s?
19
Let x be (-7)/2*(-8484)/147. Let l = x + -46. What is the greatest common factor of 12 and l?
12
Let f = 276 - 75. Calculate the greatest common factor of f and 67.
67
Let q(u) = -u**3 - 6*u**2 - 2*u - 2. Let y be q(-6). Let i be (-2)/y - 2*(-453)/30. Calculate the highest common divisor of i and 50.
10
Suppose -2*x - 1 = -7. Suppose 0 = -x*l + 6*l - 36. Calculate the highest common factor of 8 and l.
4
Let o(d) = -d**2 + 13*d - 17. Let n be o(12). Let j be 6*(1 + -4 - n). Calculate the highest common divisor of j and 12.
12
Let g be (102 + -66)*2/4*2. Calculate the highest common factor of 8 and g.
4
Suppose f = 2*f + 1. Let w be (-1*1)/(f/31). Suppose -5*r + 211 = 2*a, 284 = 3*a + 135*r - 134*r. What is the highest common factor of w and a?
31
Let n(z) = -5*z**3 + z**2. Let i be n(-1). Calculate the highest common divisor of i and 318.
6
Let m be 12*(-1)/(-9)*39. Suppose -4*a = -3*q + m, 0*a + 18 = q - 2*a. What is the greatest common divisor of q and 128?
16
Suppose 5*b - 46 = -2*o, 5*b - 26 = -3*o + 18. Suppose -7*j - 466 = -1096. What is the greatest common divisor of b and j?
10
Let a = -553 - -769. Calculate the greatest common divisor of 12 and a.
12
Let s be (11 - 49)*(-1)/2. Suppose 0 = -4*j + 31 - s. Calculate the greatest common divisor of 1 and j.
1
Suppose 3*z - 6803 = -5996. Calculate the greatest common factor of z and 1.
1
Let m(c) = 4*c + 78. Let w be m(-16). What is the highest common factor of 35 and w?
7
Let b(f) = f**3 - 5*f**2 + 2*f - 68. Let h be b(7). Calculate the greatest common divisor of 88 and h.
44
Let u = 18 + -25. Let k(f) = -17*f - 20. Let r be k(u). What is the highest common divisor of r and 33?
33
Let o = -1021 + 1053. Let v = 3 + 2. Suppose 7 = -v*y + 47. What is the highest common factor of o and y?
8
Let h be (-162)/(-4)*4/6. Let f be (-26)/(-6) - (-18)/h. Suppose -f*x = -9*x + 48. What is the greatest common divisor of x and 36?
12
Let j be ((-1)/2)/((-10)/(-180)). Let m be 2/j - 372/27. Let g = 30 + m. What is the highest common factor of 8 and g?
8
Let i(c) = 2*c**2 - 13 + c - c**2 + 12 + 9*c**3. Let a be i(1). Let o be 4/a - (-9)/15. What is the greatest common factor of o and 4?
1
Suppose 4*r = 3*g + 28 + 1, -21 = -3*r + 3*g. Suppose -u = -r*u + 357. Calculate the highest common factor of 17 and u.
17
Let a = -7 - -11. Suppose -5*h = 4*i - 19, -5 - 5 = 5*i - 5*h. Suppose 9 = 3*w + v, i = a*w - 4*v - 27. What is the greatest common divisor of w and 20?
4
Suppose -3*z + 48 = -24. Let k be (-8)/z + (-364)/(-3). What is the highest common divisor of 11 and k?
11
Let n(h) = 1373*h**2 - 2. Let p be n(-2). What is the highest common factor of 18 and p?
18
Let z(n) = 3*n**3 - n**2 + 2*n + 3. Let l be z(3). Suppose -5*x + 173 - 128 = 0. What is the greatest common factor of l and x?
9
Let h = -226 - -256. Calculate the highest common divisor of 255 and h.
15
Suppose -18*j + 2473 = 79. Let d(l) = 2*l**2 + l + 4. Let k be d(-3). Calculate the highest common divisor of j and k.
19
Let r = -3 + -2. Let t be (-3)/((20/8)/r). Calculate the highest common factor of t and 36.
6
Suppose 2*k - k - 12 = -2*j, -2*k + 12 = j. Let n be -9 + j - -1 - -10. Calculate the highest common factor of n and 60.
6
Suppose -4*f + 7 = -3*r, 0 = -3*r + f + 2*f - 6. Let g be r/(-2) + (-189)/(-14). Let b be (g/28)/(2/20). What is the greatest common factor of 5 and b?
5
Let w(k) = -k**2 + 72*k - 263. Let u be w(65). What is the greatest common factor of 24 and u?
24
Let r(i) be the second derivative of -i**3/6 - i**2/2 - 9*i. Let c be r(-1). Let g = c + 8. What is the greatest common factor of g and 16?
8
Let u(v) = -12*v - 1. Let n be u(-1). Let o = -270 + 314. Calculate the highest common factor of o and n.
11
Suppose -z = -5